[INFO] cloning repository https://github.com/moshez/summarizer
[INFO] running `Command { std: "git" "-c" "credential.helper=" "-c" "credential.helper=/workspace/cargo-home/bin/git-credential-null" "clone" "--bare" "https://github.com/moshez/summarizer" "/workspace/cache/git-repos/https%3A%2F%2Fgithub.com%2Fmoshez%2Fsummarizer", kill_on_drop: false }`
[INFO] [stderr] Cloning into bare repository '/workspace/cache/git-repos/https%3A%2F%2Fgithub.com%2Fmoshez%2Fsummarizer'...
[INFO] running `Command { std: "git" "rev-parse" "HEAD", kill_on_drop: false }`
[INFO] [stdout] 8d689d7dd645afc401bc02293d01fd6956f8112c
[INFO] checking moshez/summarizer against master#af3c6e733a40e671550e0f0f5aeecaa13772ba56 for pr-74989
[INFO] running `Command { std: "git" "clone" "/workspace/cache/git-repos/https%3A%2F%2Fgithub.com%2Fmoshez%2Fsummarizer" "/workspace/builds/worker-2/source", kill_on_drop: false }`
[INFO] [stderr] Cloning into '/workspace/builds/worker-2/source'...
[INFO] [stderr] done.
[INFO] validating manifest of git repo https://github.com/moshez/summarizer on toolchain af3c6e733a40e671550e0f0f5aeecaa13772ba56
[INFO] running `Command { std: "/workspace/cargo-home/bin/cargo" "+af3c6e733a40e671550e0f0f5aeecaa13772ba56" "read-manifest" "--manifest-path" "Cargo.toml", kill_on_drop: false }`
[INFO] started tweaking git repo https://github.com/moshez/summarizer
[INFO] finished tweaking git repo https://github.com/moshez/summarizer
[INFO] tweaked toml for git repo https://github.com/moshez/summarizer written to /workspace/builds/worker-2/source/Cargo.toml
[INFO] crate git repo https://github.com/moshez/summarizer already has a lockfile, it will not be regenerated
[INFO] running `Command { std: "/workspace/cargo-home/bin/cargo" "+af3c6e733a40e671550e0f0f5aeecaa13772ba56" "fetch" "--locked" "--manifest-path" "Cargo.toml", kill_on_drop: false }`
[INFO] [stderr]     Blocking waiting for file lock on package cache
[INFO] [stderr]     Blocking waiting for file lock on package cache
[INFO] running `Command { std: "docker" "create" "-v" "/var/lib/crater-agent-workspace/builds/worker-2/target:/opt/rustwide/target:rw,Z" "-v" "/var/lib/crater-agent-workspace/builds/worker-2/source:/opt/rustwide/workdir:ro,Z" "-v" "/var/lib/crater-agent-workspace/cargo-home:/opt/rustwide/cargo-home:ro,Z" "-v" "/var/lib/crater-agent-workspace/rustup-home:/opt/rustwide/rustup-home:ro,Z" "-e" "SOURCE_DIR=/opt/rustwide/workdir" "-e" "CARGO_TARGET_DIR=/opt/rustwide/target" "-e" "CARGO_HOME=/opt/rustwide/cargo-home" "-e" "RUSTUP_HOME=/opt/rustwide/rustup-home" "-w" "/opt/rustwide/workdir" "-m" "1610612736" "--user" "0:0" "--network" "none" "rustops/crates-build-env@sha256:d92eaeed33fa75130ca1ee6c8a01d1ffb62bac859dfdfb3450e3e5d1c0146529" "/opt/rustwide/cargo-home/bin/cargo" "+af3c6e733a40e671550e0f0f5aeecaa13772ba56" "metadata" "--no-deps" "--format-version=1", kill_on_drop: false }`
[INFO] [stdout] e2732e4232afdd20bcb93cd695ea82ef1169ebf3500e83ce2cb885d575a7ce28
[INFO] [stderr] WARNING: Your kernel does not support swap limit capabilities or the cgroup is not mounted. Memory limited without swap.
[INFO] running `Command { std: "docker" "start" "-a" "e2732e4232afdd20bcb93cd695ea82ef1169ebf3500e83ce2cb885d575a7ce28", kill_on_drop: false }`
[INFO] running `Command { std: "docker" "inspect" "e2732e4232afdd20bcb93cd695ea82ef1169ebf3500e83ce2cb885d575a7ce28", kill_on_drop: false }`
[INFO] running `Command { std: "docker" "rm" "-f" "e2732e4232afdd20bcb93cd695ea82ef1169ebf3500e83ce2cb885d575a7ce28", kill_on_drop: false }`
[INFO] [stdout] e2732e4232afdd20bcb93cd695ea82ef1169ebf3500e83ce2cb885d575a7ce28
[INFO] running `Command { std: "docker" "create" "-v" "/var/lib/crater-agent-workspace/builds/worker-2/target:/opt/rustwide/target:rw,Z" "-v" "/var/lib/crater-agent-workspace/builds/worker-2/source:/opt/rustwide/workdir:ro,Z" "-v" "/var/lib/crater-agent-workspace/cargo-home:/opt/rustwide/cargo-home:ro,Z" "-v" "/var/lib/crater-agent-workspace/rustup-home:/opt/rustwide/rustup-home:ro,Z" "-e" "SOURCE_DIR=/opt/rustwide/workdir" "-e" "CARGO_TARGET_DIR=/opt/rustwide/target" "-e" "CARGO_INCREMENTAL=0" "-e" "RUST_BACKTRACE=full" "-e" "RUSTFLAGS=--cap-lints=forbid" "-e" "CARGO_HOME=/opt/rustwide/cargo-home" "-e" "RUSTUP_HOME=/opt/rustwide/rustup-home" "-w" "/opt/rustwide/workdir" "-m" "1610612736" "--user" "0:0" "--network" "none" "rustops/crates-build-env@sha256:d92eaeed33fa75130ca1ee6c8a01d1ffb62bac859dfdfb3450e3e5d1c0146529" "/opt/rustwide/cargo-home/bin/cargo" "+af3c6e733a40e671550e0f0f5aeecaa13772ba56" "check" "--frozen" "--all" "--all-targets" "--message-format=json", kill_on_drop: false }`
[INFO] [stdout] d9d689fe51991b0e022ff622dde990c9068ac838d7bb36ca940bca5c4b65c808
[INFO] [stderr] WARNING: Your kernel does not support swap limit capabilities or the cgroup is not mounted. Memory limited without swap.
[INFO] running `Command { std: "docker" "start" "-a" "d9d689fe51991b0e022ff622dde990c9068ac838d7bb36ca940bca5c4b65c808", kill_on_drop: false }`
[INFO] [stderr]    Compiling typenum v1.12.0
[INFO] [stderr]     Checking cfg-if v0.1.10
[INFO] [stderr]    Compiling log v0.4.11
[INFO] [stderr]    Compiling version_check v0.9.2
[INFO] [stderr]    Compiling yansi v0.5.0
[INFO] [stderr]    Compiling proc-macro2 v0.4.30
[INFO] [stderr]    Compiling syn v0.15.44
[INFO] [stderr]    Compiling proc-macro2 v1.0.19
[INFO] [stderr]    Compiling bitflags v1.2.1
[INFO] [stderr]    Compiling unicode-xid v0.2.1
[INFO] [stderr]    Compiling httparse v1.3.4
[INFO] [stderr]    Compiling syn v1.0.36
[INFO] [stderr]    Compiling subtle v2.2.3
[INFO] [stderr]    Compiling opaque-debug v0.2.3
[INFO] [stderr]    Compiling subtle v1.0.0
[INFO] [stderr]    Compiling tinyvec v0.3.3
[INFO] [stderr]     Checking smallvec v1.4.1
[INFO] [stderr]    Compiling matches v0.1.8
[INFO] [stderr]    Compiling byte-tools v0.3.1
[INFO] [stderr]    Compiling serde_derive v1.0.114
[INFO] [stderr]    Compiling ppv-lite86 v0.2.8
[INFO] [stderr]    Compiling zeroize v1.1.0
[INFO] [stderr]    Compiling serde v1.0.114
[INFO] [stderr]    Compiling safemem v0.3.3
[INFO] [stderr]    Compiling percent-encoding v1.0.1
[INFO] [stderr]    Compiling percent-encoding v2.1.0
[INFO] [stderr]     Checking fake-simd v0.1.2
[INFO] [stderr]    Compiling base64 v0.12.3
[INFO] [stderr]    Compiling typeable v0.1.2
[INFO] [stderr]    Compiling pkg-config v0.3.18
[INFO] [stderr]    Compiling traitobject v0.1.0
[INFO] [stderr]    Compiling language-tags v0.2.2
[INFO] [stderr]    Compiling ryu v1.0.5
[INFO] [stderr]     Checking slab v0.4.2
[INFO] [stderr]    Compiling memchr v2.3.3
[INFO] [stderr]    Compiling state v0.4.1
[INFO] [stderr]    Compiling glob v0.3.0
[INFO] [stderr]    Compiling serde_json v1.0.57
[INFO] [stderr]     Checking same-file v1.0.6
[INFO] [stderr]     Checking lazycell v1.2.1
[INFO] [stderr]     Checking unicode-xid v0.1.0
[INFO] [stderr]    Compiling hashbrown v0.8.1
[INFO] [stderr]    Compiling indexmap v1.5.0
[INFO] [stderr]    Compiling unicode-bidi v0.3.4
[INFO] [stderr]    Compiling block-padding v0.1.5
[INFO] [stderr]     Checking lock_api v0.4.1
[INFO] [stderr]    Compiling unicode-normalization v0.1.13
[INFO] [stderr]    Compiling pear_codegen v0.1.4
[INFO] [stderr]    Compiling rocket_codegen v0.4.5
[INFO] [stderr]    Compiling rocket_contrib_codegen v0.4.5
[INFO] [stderr]    Compiling rocket v0.4.5
[INFO] [stderr]     Checking libc v0.2.74
[INFO] [stderr]    Compiling byteorder v1.3.4
[INFO] [stderr]     Checking walkdir v2.3.1
[INFO] [stderr]    Compiling getrandom v0.1.14
[INFO] [stderr]    Compiling time v0.1.43
[INFO] [stderr]    Compiling num_cpus v1.13.0
[INFO] [stderr]    Compiling log v0.3.9
[INFO] [stderr]    Compiling base64 v0.9.3
[INFO] [stderr]    Compiling mysqlclient-sys v0.2.4
[INFO] [stderr]    Compiling rand_core v0.5.1
[INFO] [stderr]    Compiling quote v0.6.13
[INFO] [stderr]     Checking mime v0.2.6
[INFO] [stderr]     Checking parking_lot_core v0.8.0
[INFO] [stderr]     Checking net2 v0.2.34
[INFO] [stderr]     Checking iovec v0.1.4
[INFO] [stderr]     Checking inotify-sys v0.1.3
[INFO] [stderr]     Checking filetime v0.2.11
[INFO] [stderr]     Checking atty v0.2.14
[INFO] [stderr]    Compiling quote v1.0.7
[INFO] [stderr]    Compiling idna v0.1.5
[INFO] [stderr]    Compiling rand_chacha v0.2.2
[INFO] [stderr]     Checking inotify v0.7.1
[INFO] [stderr]     Checking generic-array v0.12.3
[INFO] [stderr]     Checking hyper v0.10.16
[INFO] [stderr]     Checking parking_lot v0.11.0
[INFO] [stderr]     Checking mio v0.6.22
[INFO] [stderr]    Compiling rand v0.7.3
[INFO] [stderr]     Checking universal-hash v0.3.0
[INFO] [stderr]     Checking block-cipher-trait v0.6.2
[INFO] [stderr]     Checking digest v0.8.1
[INFO] [stderr]     Checking crypto-mac v0.7.0
[INFO] [stderr]     Checking aead v0.2.0
[INFO] [stderr]     Checking block-buffer v0.7.3
[INFO] [stderr]     Checking scheduled-thread-pool v0.2.5
[INFO] [stderr]     Checking polyval v0.3.3
[INFO] [stderr]     Checking aes-soft v0.3.3
[INFO] [stderr]    Compiling url v1.7.2
[INFO] [stderr]     Checking hmac v0.7.1
[INFO] [stderr]     Checking sha2 v0.8.2
[INFO] [stderr]     Checking ghash v0.2.3
[INFO] [stderr]     Checking r2d2 v0.8.9
[INFO] [stderr]     Checking mio-extras v2.0.6
[INFO] [stderr]     Checking aes v0.3.2
[INFO] [stderr]     Checking hkdf v0.8.0
[INFO] [stderr]     Checking aes-gcm v0.5.0
[INFO] [stderr]     Checking notify v4.0.15
[INFO] [stderr]     Checking cookie v0.11.3
[INFO] [stderr]    Compiling devise_core v0.2.0
[INFO] [stderr]    Compiling diesel_derives v1.4.1
[INFO] [stderr]    Compiling devise_codegen v0.2.0
[INFO] [stderr]    Compiling devise v0.2.0
[INFO] [stderr]    Compiling pear v0.1.4
[INFO] [stderr]     Checking rocket_http v0.4.5
[INFO] [stderr]     Checking diesel v1.4.5
[INFO] [stderr]     Checking toml v0.4.10
[INFO] [stderr]     Checking rocket_contrib v0.4.5
[INFO] [stderr]     Checking summarizer v0.1.0 (/opt/rustwide/workdir)
[INFO] [stdout] warning: unused import: `diesel::prelude::*`
[INFO] [stdout]  --> src/lib.rs:3:5
[INFO] [stdout]   |
[INFO] [stdout] 3 | use diesel::prelude::*;
[INFO] [stdout]   |     ^^^^^^^^^^^^^^^^^^
[INFO] [stdout]   |
[INFO] [stdout]   = note: `#[warn(unused_imports)]` on by default
[INFO] [stdout] 
[INFO] [stdout] 
[INFO] [stdout] warning: unused import: `diesel::prelude::*`
[INFO] [stdout]  --> src/lib.rs:3:5
[INFO] [stdout]   |
[INFO] [stdout] 3 | use diesel::prelude::*;
[INFO] [stdout]   |     ^^^^^^^^^^^^^^^^^^
[INFO] [stdout]   |
[INFO] [stdout]   = note: `#[warn(unused_imports)]` on by default
[INFO] [stdout] 
[INFO] [stdout] 
[INFO] [stdout] error[E0599]: no method named `filter` found for struct `table` in the current scope
[INFO] [stdout]  --> src/queries.rs:7:30
[INFO] [stdout]   |
[INFO] [stdout] 7 |           let results = people.filter(name.eq(name))
[INFO] [stdout]   |                                ^^^^^^ method not found in `table`
[INFO] [stdout]   | 
[INFO] [stdout]  ::: src/schema.rs:1:1
[INFO] [stdout]   |
[INFO] [stdout] 1 | / table! {
[INFO] [stdout] 2 | |     people (name) {
[INFO] [stdout] 3 | |         name -> Varchar,
[INFO] [stdout] 4 | |         subject -> Nullable<Varchar>,
[INFO] [stdout] ... |
[INFO] [stdout] 7 | |     }
[INFO] [stdout] 8 | | }
[INFO] [stdout]   | | -
[INFO] [stdout]   | | |
[INFO] [stdout]   | |_method `filter` not found for this
[INFO] [stdout]   |   doesn't satisfy `table: Iterator`
[INFO] [stdout]   |
[INFO] [stdout]   = note: the method `filter` exists but the following trait bounds were not satisfied:
[INFO] [stdout]           `table: Iterator`
[INFO] [stdout]           which is required by `&mut table: Iterator`
[INFO] [stdout]   = help: items from traits can only be used if the trait is in scope
[INFO] [stdout]   = note: the following traits are implemented but not in scope; perhaps add a `use` for one of them:
[INFO] [stdout]           candidate #1: `use std::iter::Iterator;`
[INFO] [stdout]           candidate #2: `use crate::diesel::query_dsl::filter_dsl::FilterDsl;`
[INFO] [stdout]           candidate #3: `use crate::diesel::QueryDsl;`
[INFO] [stdout] 
[INFO] [stdout] 
[INFO] [stdout] error[E0599]: no method named `filter` found for struct `table` in the current scope
[INFO] [stdout]  --> src/queries.rs:7:30
[INFO] [stdout]   |
[INFO] [stdout] 7 |           let results = people.filter(name.eq(name))
[INFO] [stdout]   |                                ^^^^^^ method not found in `table`
[INFO] [stdout]   | 
[INFO] [stdout]  ::: src/schema.rs:1:1
[INFO] [stdout]   |
[INFO] [stdout] 1 | / table! {
[INFO] [stdout] 2 | |     people (name) {
[INFO] [stdout] 3 | |         name -> Varchar,
[INFO] [stdout] 4 | |         subject -> Nullable<Varchar>,
[INFO] [stdout] ... |
[INFO] [stdout] 7 | |     }
[INFO] [stdout] 8 | | }
[INFO] [stdout]   | | -
[INFO] [stdout]   | | |
[INFO] [stdout]   | |_method `filter` not found for this
[INFO] [stdout]   |   doesn't satisfy `table: Iterator`
[INFO] [stdout]   |
[INFO] [stdout]   = note: the method `filter` exists but the following trait bounds were not satisfied:
[INFO] [stdout]           `table: Iterator`
[INFO] [stdout]           which is required by `&mut table: Iterator`
[INFO] [stdout]   = help: items from traits can only be used if the trait is in scope
[INFO] [stdout]   = note: the following traits are implemented but not in scope; perhaps add a `use` for one of them:
[INFO] [stdout]           candidate #1: `use std::iter::Iterator;`
[INFO] [stdout]           candidate #2: `use crate::diesel::query_dsl::filter_dsl::FilterDsl;`
[INFO] [stdout]           candidate #3: `use crate::diesel::QueryDsl;`
[INFO] [stdout] 
[INFO] [stdout] 
[INFO] [stdout] error[E0599]: no method named `eq` found for struct `columns::name` in the current scope
[INFO] [stdout]   --> src/queries.rs:7:42
[INFO] [stdout]    |
[INFO] [stdout] 7  |           let results = people.filter(name.eq(name))
[INFO] [stdout]    |                                            ^^ method not found in `columns::name`
[INFO] [stdout]    | 
[INFO] [stdout]   ::: /opt/rustwide/cargo-home/registry/src/github.com-1ecc6299db9ec823/diesel-1.4.5/src/expression_methods/global_expression_methods.rs:23:8
[INFO] [stdout]    |
[INFO] [stdout] 23 |       fn eq<T: AsExpression<Self::SqlType>>(self, other: T) -> Eq<Self, T::Expression> {
[INFO] [stdout]    |          -- the method is available for `Box<columns::name>` here
[INFO] [stdout]    | 
[INFO] [stdout]   ::: src/schema.rs:1:1
[INFO] [stdout]    |
[INFO] [stdout] 1  | / table! {
[INFO] [stdout] 2  | |     people (name) {
[INFO] [stdout] 3  | |         name -> Varchar,
[INFO] [stdout] 4  | |         subject -> Nullable<Varchar>,
[INFO] [stdout] ...  |
[INFO] [stdout] 7  | |     }
[INFO] [stdout] 8  | | }
[INFO] [stdout]    | | -
[INFO] [stdout]    | | |
[INFO] [stdout]    | |_method `eq` not found for this
[INFO] [stdout]    |   doesn't satisfy `columns::name: Iterator`
[INFO] [stdout]    |
[INFO] [stdout]    = note: the method `eq` exists but the following trait bounds were not satisfied:
[INFO] [stdout]            `columns::name: Iterator`
[INFO] [stdout]            which is required by `&mut columns::name: Iterator`
[INFO] [stdout]    = help: items from traits can only be used if the trait is in scope
[INFO] [stdout]    = note: the following trait is implemented but not in scope; perhaps add a `use` for it:
[INFO] [stdout]            `use crate::diesel::ExpressionMethods;`
[INFO] [stdout] 
[INFO] [stdout] 
[INFO] [stdout] error: aborting due to 2 previous errors; 1 warning emitted
[INFO] [stdout] 
[INFO] [stdout] 
[INFO] [stdout] For more information about this error, try `rustc --explain E0599`.
[INFO] [stdout] 
[INFO] [stdout] error[E0599]: no method named `eq` found for struct `columns::name` in the current scope
[INFO] [stdout]   --> src/queries.rs:7:42
[INFO] [stdout]    |
[INFO] [stdout] 7  |           let results = people.filter(name.eq(name))
[INFO] [stdout]    |                                            ^^ method not found in `columns::name`
[INFO] [stdout]    | 
[INFO] [stdout]   ::: /opt/rustwide/cargo-home/registry/src/github.com-1ecc6299db9ec823/diesel-1.4.5/src/expression_methods/global_expression_methods.rs:23:8
[INFO] [stdout]    |
[INFO] [stdout] 23 |       fn eq<T: AsExpression<Self::SqlType>>(self, other: T) -> Eq<Self, T::Expression> {
[INFO] [stdout]    |          -- the method is available for `Box<columns::name>` here
[INFO] [stdout]    | 
[INFO] [stdout]   ::: src/schema.rs:1:1
[INFO] [stdout]    |
[INFO] [stdout] 1  | / table! {
[INFO] [stdout] 2  | |     people (name) {
[INFO] [stdout] 3  | |         name -> Varchar,
[INFO] [stdout] 4  | |         subject -> Nullable<Varchar>,
[INFO] [stdout] ...  |
[INFO] [stdout] 7  | |     }
[INFO] [stdout] 8  | | }
[INFO] [stdout]    | | -
[INFO] [stdout]    | | |
[INFO] [stdout]    | |_method `eq` not found for this
[INFO] [stdout]    |   doesn't satisfy `columns::name: Iterator`
[INFO] [stdout]    |
[INFO] [stdout]    = note: the method `eq` exists but the following trait bounds were not satisfied:
[INFO] [stdout]            `columns::name: Iterator`
[INFO] [stdout]            which is required by `&mut columns::name: Iterator`
[INFO] [stdout]    = help: items from traits can only be used if the trait is in scope
[INFO] [stdout]    = note: the following trait is implemented but not in scope; perhaps add a `use` for it:
[INFO] [stdout]            `use crate::diesel::ExpressionMethods;`
[INFO] [stdout] 
[INFO] [stdout] 
[INFO] [stderr] error: could not compile `summarizer`.
[INFO] [stderr] 
[INFO] [stderr] To learn more, run the command again with --verbose.
[INFO] [stderr] warning: build failed, waiting for other jobs to finish...
[INFO] [stdout] error: aborting due to 2 previous errors; 1 warning emitted
[INFO] [stdout] 
[INFO] [stdout] 
[INFO] [stdout] For more information about this error, try `rustc --explain E0599`.
[INFO] [stdout] 
[INFO] [stderr] error: build failed
[INFO] running `Command { std: "docker" "inspect" "d9d689fe51991b0e022ff622dde990c9068ac838d7bb36ca940bca5c4b65c808", kill_on_drop: false }`
[INFO] running `Command { std: "docker" "rm" "-f" "d9d689fe51991b0e022ff622dde990c9068ac838d7bb36ca940bca5c4b65c808", kill_on_drop: false }`
[INFO] [stdout] d9d689fe51991b0e022ff622dde990c9068ac838d7bb36ca940bca5c4b65c808
